ivide 1082?
False
Is 9 a factor of 657?
True
Is 11742 a multiple of 19?
True
Is 13993 a multiple of 22?
False
Does 8 divide 881?
False
Is 1475 a multiple of 25?
True
Is 6 a factor of 12269?
False
Does 4 divide 584?
True
Is 10 a factor of 2385?
False
Is 5130 a multiple of 114?
True
Does 28 divide 178?
False
Does 13 divide 1040?
True
Is 1381 a multiple of 40?
False
Is 903 a multiple of 9?
False
Does 7 divide 343?
True
Is 1976 a multiple of 19?
True
Is 31 a factor of 4061?
True
Does 11 divide 2607?
True
Is 27460 a multiple of 5?
True
Is 5 a factor of 6811?
False
Is 785 a multiple of 30?
False
Does 12 divide 335?
False
Does 48 divide 1200?
True
Does 16 divide 9648?
True
Is 21168 a multiple of 168?
True
Is 2246 a multiple of 111?
False
Is 11286 a multiple of 22?
True
Does 16 divide 670?
False
Does 6 divide 3474?
True
Is 133 a factor of 27204?
False
Is 10 a factor of 1210?
True
Does 13 divide 975?
True
Does 23 divide 2921?
True
Is 72 a multiple of 2?
True
Is 15734 a multiple of 15?
False
Is 37 a factor of 1300?
False
Is 1186 a multiple of 31?
False
Is 3406 a multiple of 72?
False
Is 1512 a multiple of 84?
True
Is 190 a multiple of 5?
True
Does 56 divide 66?
False
Is 221 a factor of 30948?
False
Does 82 divide 6432?
False
Is 20 a factor of 19420?
True
Is 24 a factor of 413?
False
Is 37 a factor of 1850?
True
Is 2730 a multiple of 5?
True
Does 23 divide 43332?
True
Does 76 divide 4607?
False
Is 1171 a multiple of 11?
False
Does 18 divide 78419?
False
Is 18 a factor of 882?
True
Is 52 a factor of 4253?
False
Is 47 a factor of 1410?
True
Is 14800 a multiple of 198?
False
Does 25 divide 1325?
True
Is 52 a factor of 429?
False
Does 11 divide 15485?
False
Is 1696 a multiple of 8?
True
Is 110 a multiple of 34?
False
Is 16 a factor of 5561?
False
Is 14675 a multiple of 3?
False
Does 8 divide 24?
True
Is 39 a factor of 372?
False
Is 10429 a multiple of 7?
False
Is 73 a factor of 9052?
True
Does 6 divide 227?
False
Is 8 a factor of 23032?
True
Does 68 divide 68072?
False
Is 20 a factor of 1000?
True
Is 2166 a multiple of 19?
True
Does 11 divide 88?
True
Does 9 divide 733?
False
Is 2562 a multiple of 3?
True
Is 87159 a multiple of 11?
False
Is 16 a factor of 4292?
False
Is 4 a factor of 838?
False
Is 440 a multiple of 11?
True
Is 18 a factor of 62424?
True
Is 253 a factor of 68816?
True
Is 769 a multiple of 8?
False
Is 19682 a multiple of 91?
False
Does 34 divide 813?
False
Is 337 a factor of 84463?
False
Does 49 divide 4055?
False
Is 2668 a multiple of 29?
True
Does 15 divide 2328?
False
Is 10553 a multiple of 40?
False
Is 114 a factor of 40242?
True
Is 2096 even?
True
Is 13 a factor of 1293?
False
Does 15 divide 164?
False
Is 891 a multiple of 5?
False
Is 6 a factor of 108?
True
Is 8 a factor of 56144?
True
Does 20 divide 10840?
True
Does 18 divide 2592?
True
Is 1632 a multiple of 37?
False
Does 99 divide 12026?
False
Is 23325 a multiple of 15?
True
Is 79874 a multiple of 19?
False
Is 63 a factor of 94018?
False
Is 239 a multiple of 31?
False
Is 476 a multiple of 32?
False
Does 36 divide 12132?
True
Is 35 a factor of 4332?
False
Does 23 divide 3178?
False
Does 15 divide 6001?
False
Is 10 a factor of 9810?
True
Is 3 a factor of 1253?
False
Is 111 a multiple of 37?
True
Is 4229 a multiple of 17?
False
Is 8 a factor of 193?
False
Is 156 a factor of 17940?
True
Is 20 a factor of 840?
True
Is 492 a multiple of 2?
True
Is 11869 a multiple of 11?
True
Is 51048 a multiple of 12?
True
Is 34 a factor of 1989?
False
Does 21 divide 2205?
True
Is 15 a factor of 964?
False
Does 21 divide 294?
True
Is 13328 a multiple of 112?
True
Is 15 a factor of 152?
False
Is 139 a factor of 11398?
True
Is 72 a factor of 5585?
False
Is 25 a factor of 550?
True
Is 24 a factor of 70?
False
Does 90 divide 10080?
True
Does 5 divide 448?
False
Is 128 even?
True
Is 25 a factor of 8093?
False
Does 3 divide 166?
False
Does 100 divide 100638?
False
Is 3125 a multiple of 5?
True
Is 43 a factor of 1593?
False
Is 110 a factor of 3850?
True
Is 3817 a multiple of 8?
False
Is 208968 a multiple of 157?
False
Does 11 divide 2156?
True
Does 19 divide 1624?
False
Does 45 divide 1440?
True
Is 6023 a multiple of 19?
True
Is 92 a multiple of 4?
True
Is 273 a multiple of 24?
False
Is 31875 a multiple of 16?
False
Does 13 divide 18449?
False
Is 30 a factor of 2309?
False
Does 175 divide 7231?
False
Does 5 divide 1950?
True
Does 28 divide 644?
True
Does 10 divide 3740?
True
Is 10 a factor of 850?
True
Is 2 a factor of 3056?
True
Does 60 divide 4560?
True
Does 5 divide 2480?
True
Is 268 a multiple of 38?
False
Is 12528 a multiple of 24?
True
Is 91 a factor of 213?
False
Is 25819 a multiple of 39?
False
Is 7 a factor of 23639?
True
Is 256 a factor of 3683?
False
Is 62676 a multiple of 360?
False
Is 13 a factor of 260?
True
Does 13 divide 6456?
False
Does 57 divide 922?
False
Is 49095 a multiple of 15?
True
Is 2225 a multiple of 5?
True
Is 56 a multiple of 7?
True
Does 7 divide 100?
False
Does 55 divide 440?
True
Is 1494 a multiple of 41?
False
Does 12 divide 6108?
True
Is 95 a multiple of 6?
False
Does 21 divide 9482?
False
Is 2114 a multiple of 11?
False
Is 5035 a multiple of 53?
True
Is 60 a multiple of 30?
True
Is 4801 a multiple of 9?
False
Does 12 divide 16?
False
Is 33 a factor of 18709?
False
Does 2 divide 70?
True
Is 3621 a multiple of 20?
False
Does 3 divide 800?
False
Is 72 a factor of 3168?
True
Does 4 divide 4312?
True
Is 32 a factor of 413?
False
Does 29 divide 7349?
False
Is 22 a factor of 397?
False
Is 19 a factor of 4351?
True
Is 33526 a multiple of 7?
False
Is 6 a factor of 256?
False
Does 24 divide 30912?
True
Is 398 a multiple of 4?
False
Does 24 divide 552?
True
Is 39 a factor of 351?
True
Does 30 divide 1202?
False
Is 1568 a multiple of 14?
True
Is 1623 a multiple of 73?
False
Is 4 a factor of 179?
False
Does 83 divide 16485?
False
Does 27 divide 10233?
True
Is 15 a factor of 9098?
False
Is 12 a factor of 180?
True
Is 85 a factor of 2307?
False
Does 3 divide 690?
True
Is 1765 a multiple of 37?
False
Is 26 a multiple of 22?
False
Is 1810 a multiple of 10?
True
Is 2768 a multiple of 16?
True
Is 1952 a multiple of 4?
True
Is 160 a multiple of 5?
True
Does 26 divide 9857?
False
Is 187 a factor of 6545?
True
Is 6 a factor of 33882?
True
Is 7302 a multiple of 17?
False
Is 21 a factor of 9869?
False
Is 4910 a multiple of 5?
True
Is 44 a factor of 396?
True
Is 31 a factor of 54002?
True
Does 12 divide 1641?
False
Is 2095 a multiple of 15?
False
Is 24 a factor of 42480?
True
Is 16 a factor of 1024?
True
Does 53 divide 159?
True
Is 22200 a multiple of 28?
False
Is 2735 a multiple of 21?
False
Is 890 a multiple of 5?
True
Is 30132 a multiple of 6?
True
Is 641 a multiple of 36?
False
Is 81 a factor of 2106?
True
Is 76 a factor of 2508?
True
Is 5 a factor of 80?
True
Is 361 a multiple of 19?
True
Is 16 a factor of 11786?
False
Does 13 divide 37089?
True
Is 3698 a multiple of 18?
False
Does 143 divide 15127?
False
Does 17 divide 17940?
False
Is 708 a multiple of 21?
False
Does 27 divide 2835?
True
Does 58 divide 8688?
False
Does 303 divide 43652?
False
Does 52 divide 9152?
True
Is 77 a multiple of 4?
False
Is 425 a multiple of 7?
False
Is 30 a factor of 807?
False
Does 23 divide 2438?
True
Is 71280 a multiple of 11?
True
Is 9 a factor of 27459?
True
Is 3048 a multiple of 127?
True
Is 268 a factor of 36641?
False
Is 23 a factor of 4009?
False
Is 25040 a multiple of 10?
True
Is 309 a multiple of 22?
False
Is 224 a multiple of 16?
True
Does 21 divide 28?
False
Is 15 a factor of 324?
False
Is 7473 a multiple of 159?
True
Does 156 divide 237?
False
Is 6542 a multiple of 12?
False
Is 15 a factor of 8715?
True
Is 14128 a multiple of 4?
True
Does 87 divide 9530?
False
Is 37044 a multiple of 21?
True
Is 31 a factor of 11543?
False
Is 12 a factor of 18924?
True
Is 40401 a multiple of 4?
False
Does 71 divide 1207?
True
Does 47 divide 16309?
True
Is 23 a factor of 437?
True
Does 38 divide 879?
False
Does 513 divide 8153?
False
Does 180 divide 13565?
False
Is 59 a factor of 413?
True
Is 143 a multiple of 11?
True
Is 4290 a multiple of 30?
True
Is 2941 a multiple of 173?
True
Does 29 divide 10295?
True
Is 503 a multiple of 44?
False
Is 460 a multiple of 10?
True
Does 28 divide 1596?
True
Is 77376 a multiple of 64?
T